{"id":11,"date":"2026-03-15T17:17:33","date_gmt":"2026-03-15T17:17:33","guid":{"rendered":"https:\/\/busters-verden.dk\/?page_id=11"},"modified":"2026-03-20T09:42:25","modified_gmt":"2026-03-20T09:42:25","slug":"velkommen-til-sannes-private-pasningsordning","status":"publish","type":"page","link":"https:\/\/busters-verden.dk\/","title":{"rendered":"Velkommen til Sannes private pasningsordning"},"content":{"rendered":"\n<figure class=\"wp-block-image size-large\"><img loading=\"lazy\" decoding=\"async\" width=\"1024\" height=\"1024\" src=\"https:\/\/busters-verden.dk\/wp-content\/uploads\/2026\/03\/570438674_122097546723087613_6855761327192285207_n-1024x1024.jpg\" alt=\"\" class=\"wp-image-16\" srcset=\"https:\/\/busters-verden.dk\/wp-content\/uploads\/2026\/03\/570438674_122097546723087613_6855761327192285207_n-1024x1024.jpg 1024w, https:\/\/busters-verden.dk\/wp-content\/uploads\/2026\/03\/570438674_122097546723087613_6855761327192285207_n-300x300.jpg 300w, https:\/\/busters-verden.dk\/wp-content\/uploads\/2026\/03\/570438674_122097546723087613_6855761327192285207_n-150x150.jpg 150w, https:\/\/busters-verden.dk\/wp-content\/uploads\/2026\/03\/570438674_122097546723087613_6855761327192285207_n-768x768.jpg 768w, https:\/\/busters-verden.dk\/wp-content\/uploads\/2026\/03\/570438674_122097546723087613_6855761327192285207_n-1536x1536.jpg 1536w, https:\/\/busters-verden.dk\/wp-content\/uploads\/2026\/03\/570438674_122097546723087613_6855761327192285207_n.jpg 2048w\" sizes=\"auto, (max-width: 1024px) 100vw, 1024px\" \/><\/figure>\n\n\n\n<p>Ledige pladser fra April 2026 i Villestofte, Odense NV<\/p>\n\n\n\n<p>Jeg hedder Sanne, og jeg gl\u00e6der mig til at byde fire dejlige b\u00f8rn og deres familier velkommen, n\u00e5r jeg fra januar \u00e5bner min private pasningsordning Busters Verden. Her f\u00e5r dit barn en hverdag fyldt med tryghed, n\u00e6rv\u00e6r og masser af leg og l\u00e6ring.<\/p>\n\n\n\n<p>\u200b<\/p>\n\n\n\n<p>Jeg er uddannet ergoterapeut med n\u00e6sten 20 \u00e5rs erfaring og er certificeret stimulastik-underviser. Jeg br\u00e6nder for b\u00f8rns motoriske og sansem\u00e6ssige udvikling og inddrager det aktivt i hverdagen gennem sjove lege, kreative aktiviteter og masser af sanselige oplevelser ude i det fri.<\/p>\n\n\n\n<p>\u200b<\/p>\n\n\n\n<p>Hos mig er n\u00e6rv\u00e6r og trygge relationer i centrum. Jeg l\u00e6gger v\u00e6gt p\u00e5 en genkendelig hverdag i rolige rammer, hvor der er tid til at udforske verden i et tempo der passer til dit barn &#8211; der er plads til at v\u00e6re nysgerrig, aktiv og ogs\u00e5 bare at v\u00e6re.<\/p>\n\n\n\n<p><\/p>\n\n\n\n<p><\/p>\n\n\n\n<p><\/p>\n\n\n\n<p>Busters Verden elsker vi at:<\/p>\n\n\n\n<p>\u2022 v\u00e6re ude hver dag \u2013 i haven, p\u00e5 legepladser og i naturen<\/p>\n\n\n\n<p>\u2022 lave kreative aktiviteter der f\u00f8lger \u00e5rstider og h\u00f8jtider<\/p>\n\n\n\n<p>\u2022 synge, danse og bev\u00e6ge os med musik og rytmik<\/p>\n\n\n\n<p>\u2022 tumle og bruge sanserne gennem leg og stimulastik<\/p>\n\n\n\n<p>\u2022 at have stille stunder med b\u00f8ger, hygge og n\u00e6rv\u00e6r<\/p>\n\n\n\n<p>\u2022 grine, v\u00e6re fjollede og have det sjovt med hinanden<\/p>\n\n\n\n<p>Jeg bor i et stort hus sammen med min mand og vores 2 b\u00f8rn, Sara p\u00e5 11 \u00e5r og Adam p\u00e5 8 \u00e5r, samt vores s\u00f8de hund Buster &#8211; en altid rolig og godmodig Golden Retriever som elsker godbidder, og s\u00e5 vores kat Bl\u00e5b\u00e6r der sover dagen lang. De er begge vant til b\u00f8rn og vil v\u00e6re en naturlig del af hverdagen.<\/p>\n\n\n\n<p>Vi er beliggende i et lukket v\u00e6nge i et roligt kvarter t\u00e6t p\u00e5 natursk\u00f8nne omr\u00e5der og legepladser. Vi har en stor have med gynger, sandkasse, legehus, b\u00e5lsted, trampolin og frugttr\u00e6er.<\/p>\n\n\n\n<p>Du er meget velkommen til at kontakte mig hvis du har lyst til at h\u00f8re mere eller komme forbi til en uforpligtende snak og se stedet. Jeg gl\u00e6der mig til at l\u00e6re jer at kende!<\/p>\n","protected":false},"excerpt":{"rendered":"<p>Ledige pladser fra April 2026 i Villestofte, Odense NV Jeg hedder Sanne, og jeg gl\u00e6der mig til at byde fire dejlige b\u00f8rn og deres familier velkommen, n\u00e5r jeg fra januar \u00e5bner min private pasningsordning Busters Verden. Her f\u00e5r dit barn en hverdag fyldt med tryghed, n\u00e6rv\u00e6r og masser af leg og l\u00e6ring. \u200b Jeg er [&hellip;]<\/p>\n","protected":false},"author":1,"featured_media":0,"parent":0,"menu_order":0,"comment_status":"closed","ping_status":"closed","template":"","meta":{"footnotes":""},"class_list":["post-11","page","type-page","status-publish","hentry"],"_links":{"self":[{"href":"https:\/\/busters-verden.dk\/index.php?rest_route=\/wp\/v2\/pages\/11","targetHints":{"allow":["GET"]}}],"collection":[{"href":"https:\/\/busters-verden.dk\/index.php?rest_route=\/wp\/v2\/pages"}],"about":[{"href":"https:\/\/busters-verden.dk\/index.php?rest_route=\/wp\/v2\/types\/page"}],"author":[{"embeddable":true,"href":"https:\/\/busters-verden.dk\/index.php?rest_route=\/wp\/v2\/users\/1"}],"replies":[{"embeddable":true,"href":"https:\/\/busters-verden.dk\/index.php?rest_route=%2Fwp%2Fv2%2Fcomments&post=11"}],"version-history":[{"count":5,"href":"https:\/\/busters-verden.dk\/index.php?rest_route=\/wp\/v2\/pages\/11\/revisions"}],"predecessor-version":[{"id":26,"href":"https:\/\/busters-verden.dk\/index.php?rest_route=\/wp\/v2\/pages\/11\/revisions\/26"}],"wp:attachment":[{"href":"https:\/\/busters-verden.dk\/index.php?rest_route=%2Fwp%2Fv2%2Fmedia&parent=11"}],"curies":[{"name":"wp","href":"https:\/\/api.w.org\/{rel}","templated":true}]}}